) = -26*u + 238. Suppose -144 = -8*f - 8*f. Let y be x(f). Let w(b) = -2*b**2 + 5*b + 4. Give w(y).
-8
Let q(n) = -88 - 16*n - 25 + 115. What is q(-1)?
18
Let g(l) = -7 - 37*l**3 - l**2 + 586*l + 36*l**3 + 588*l - 1180*l. Give g(-4).
65
Let b(y) = y + 5. Let a(p) = 55*p - 1. Let c be a(2). Let o = c + -115. Give b(o).
-1
Let i(m) be the second derivative of 8*m**3/3 - m**2/2 + 7*m. Suppose 0 = 17*t + 15*t - 944 + 1008. Calculate i(t).
-33
Suppose -21 - 106 = 5*h - 4*i, 0 = -3*i - 21. Let u(m) = 13*m + 415. What is u(h)?
12
Let o(n) = n**3 - 8*n**2 - 2*n + 4. Suppose 16*g = 19*g - 144. Suppose 0 = 15*w - 21*w + g. Determine o(w).
-12
Let d be -2*1 - (-7 - -1). Let p(n) = -74*n + 18. Let i(v) = -33*v + 8. Let m(s) = -9*i(s) + 4*p(s). What is m(d)?
4
Suppose -7 = 3*v + 11. Let w(z) = -z**3 + 38*z**2 + 5*z + 7. Let t(x) = x**3 - 53*x**2 - 8*x - 8. Let r(y) = -3*t(y) - 4*w(y). Give r(v).
8
Let a(s) = 82*s - 89*s - 4 - 6 - 3. Give a(7).
-62
Let q(p) = 12*p - 179. Let d be q(15). Let f(u) = 6*u - 3. Calculate f(d).
3
Let n(u) be the third derivative of -u**5/30 - u**4/3 - u**3 - u**2 + 2286. Suppose -v + 5*r = 2*v + 37, 0 = -v - 3*r + 11. Determine n(v).
-6
Let f(y) = 9 + 2*y - 1 - y. Let p = -5384 + 5384. Give f(p).
8
Suppose 18*z + 226 = 46. Let t be -5*(7 + 66/z). Let a(m) be the first derivative of -m**3 - m**2/2 - m + 1. Determine a(t).
-11
Let f(k) be the first derivative of -k**4/4 - 11*k**3/3 - 11*k**2/2 + 8*k - 1442. Determine f(-10).
18
Let p be (-24)/3 + 4 + 7 + 1. Suppose -p*c = 13 - 33. Suppose -c*f + 24 = -6. Let m(g) = -g**2 + 7*g - 6. Determine m(f).
0
Let h(g) = 258*g + 3 - 515*g + 2*g**2 + 252*g - 1 - 3*g**2. Suppose 5*f + 6 = -19. Give h(f).
2
Let v = -402 + 408. Let t(u) = -v*u - 10*u - 11*u - 5*u + 29*u. Determine t(9).
-27
Let m(t) = 18813*t**2 - t**3 - 18816*t**2 - 2*t - 4*t - 5. Calculate m(-4).
35
Let k(h) = 5*h. Suppose 17 = y + 2*d, -d + 4*d = 5*y - 59. Suppose -y*f + 8 = -9*f. Give k(f).
10
Let l(w) be the second derivative of -w**3/6 + w**2/2 - 195142*w. Let n(u) = u - 3. Let r be n(4). What is l(r)?
0
Suppose -4*o + 88 = 5*g, 2*o - 50 = -0*g - g. Let q(r) = -o*r - 32*r + 63*r. Give q(-2).
-8
Let h be (12192/(-21))/(-4) + (-8)/56. Let z = 144 - h. Let m(w) = 8*w - 3. Let t(p) = 7*p - 2. Let o(g) = 3*m(g) - 4*t(g). Determine o(z).
3
Suppose 32*t - 16*t - 14352 = 0. Let d = -909 + t. Let f(h) = -h**2 - 10*h + 6. Calculate f(d).
-18
Let s(o) = -4 + 4*o**2 - 8 - 2 + 13 - 3 + 17*o. Give s(-5).
11
Let g(s) be the third derivative of -11*s**5/60 - s**4/12 - s**3/2 + 2*s**2 + 123*s. Give g(-2).
-43
Let h(m) = -5*m - 7. Let j(x) = x - 7. Let a(n) = n - 5. Let r(q) = 3*a(q) - 2*j(q). Let v(b) = -h(b) - 6*r(b). Suppose -7 + 0 = -l. Determine v(l).
6
Suppose 0 = 5*z - z + 16. Let x(o) = -130*o + 54*o + o**2 + 38*o + 36*o + 2*o**2 - 4*o**2 + 3. What is x(z)?
-5
Let p(y) be the third derivative of -y**4/8 - 11*y**2 - 2. Let b(s) = 3*s + 18. Let w be b(-6). Suppose 4*d - 6 = 5*z, w*z - z - 3*d + 14 = 0. Calculate p(z).
-6
Let l(v) = -v**3 - 8*v**2 - 7*v - 2. Let g(n) be the third derivative of -n**5/60 + 11*n**4/24 - 17*n**3/6 - 4*n**2 + 2. Let b be g(10). Calculate l(b).
-2
Let r(o) = -2*o**3 + 19*o**2 + 38*o + 18. Let z(a) = -5*a**3 + 55*a**2 + 115*a + 49. Let f(w) = -8*r(w) + 3*z(w). Calculate f(-5).
-2
Let l(q) = 5503 - 3*q - 2*q - 5515. Calculate l(-2).
-2
Let j(g) = -g + 9. Let b = 4 - -41. Let p = b + -37. Suppose 7*z = p*z - 6. Calculate j(z).
3
Let u(v) = v**3 - 10*v**2 + v - 17. Let f be u(10). Let q be (-6)/f - (-180)/(-210). Let z(b) = 2*b - 3*b + 0*b**2 - b**2 + 4. Determine z(q).
4
Let c(f) = 2*f + 43. Let u be 2/44 - (-98853)/(-5478). Give c(u).
7
Suppose 28 = -5*y + y. Let o(u) = u**3 - 6*u**2 - 3*u - 1. Let w(p) = -p**3 - p**2 - p + 1. Let j(x) = -o(x) - 2*w(x). Give j(y).
13
Let c(u) = u**3 + 3*u**2 - 14*u + 6. Let m be c(-5). Let w(l) = -13*l**3 + 38*l**3 - m*l**3 + 10*l**2 - 5. What is w(10)?
-5
Let s(i) = i**2 + 5*i - 66. Let u(l) = l**3 + 133*l**2 + 130*l - 258. Let h be u(-132). Calculate s(h).
0
Let t be -3 + -1 + ((-8)/2 - -10). Let o(z) = -7*z**2 + 3*z. What is o(t)?
-22
Let l(g) = 26*g + 8. Let v(b) = 59*b + 16. Let i(p) = -9*l(p) + 4*v(p). Let t(a) = a + 1. Let f be t(8). What is i(f)?
10
Let d(y) = y**3 + 2*y**2 - y - 2. Let h be d(-3). Let t(l) = -11*l - 34. Let c(x) = 20*x + 61. Let j(m) = -6*c(m) - 11*t(m). Determine j(h).
0
Let q(t) = t**2 + 9*t + 17. Let l be q(-5). Let f(g) = -3*g**2 + 6*g + 7. Give f(l).
-38
Let d(a) = -19*a + 33*a - 328*a**2 + 372*a**2 - 12*a. Determine d(-1).
42
Let p(h) = 5*h**3 - 8*h**2 - 8*h - 21. Let w(t) = -11*t**3 + 17*t**2 + 18*t + 45. Let u(q) = -9*p(q) - 4*w(q). Determine u(4).
9
Let c(x) = 2*x + 15. Let l(p) be the first derivative of -8*p + 3 - 1/2*p**2. Let v(u) = 4*c(u) + 7*l(u). Give v(-7).
-3
Suppose -272*m = -277*m + 3*q + 34, -3*q - 26 = -4*m. Let c(x) = -53*x + 428. Determine c(m).
4
Let g(a) = 30 + 53 + 29 - 123 + 7*a. What is g(12)?
73
Let w(d) = 2*d**2 - 2*d - 35. Let v = 11157 + -11157. Determine w(v).
-35
Let j(o) = 236*o**3 + 178*o**3 + o + o**2 - 415*o**3. Let u = 0 + 0. Calculate j(u).
0
Suppose -5*i - 15 = 0, 5*w + 11*i - 24 = 14*i. Let t(s) = 4 - 44*s**3 + w*s**2 + 0*s**2 - 2*s + 2 + 43*s**3. Give t(4).
-18
Let o be (-4)/(-14) - 16/7. Let f = 894 + -834. Let u(d) = 3 - 2 - 58*d + f*d + d**3 - 2*d**3 + 0. What is u(o)?
5
Let i(b) be the first derivative of -b**2/2 + 8*b - 494. Let f(c) = c - 15. Let p be f(19). Let t(u) = u**2 - 3*u + 3. Let x be t(p). Give i(x).
1
Let t(x) = -14*x**3 + 4*x**2 - 6*x + 3. Let o(r) = -17*r**3 + 6*r**2 - 8*r + 3. Let k(b) = -5*o(b) + 6*t(b). Determine k(5).
-2
Suppose 8725*n - 8650*n = -375. Let k(f) = -3*f**2 + 4 - 4 + 2*f. Let r(l) = l**2 + l - 1. Let a(b) = -k(b) - 4*r(b). What is a(n)?
9
Let x(i) = 178*i + 6. Let y(u) = 138*u + 5. Let h(g) = -7*x(g) + 9*y(g). Let a = 6 + -3. Calculate h(a).
-9
Let v(r) be the second derivative of 8*r**3 - 120*r**2 - 11512*r. Give v(5).
0
Let s(c) = -c**3 + c**2 + c + 5. Let v be (-14)/18 + 1 + (-46)/207. Suppose 4*i = -v*p + 3*p - 16, 0 = -i - 4. What is s(p)?
5
Let r(h) be the second derivative of h**3/6 + 21*h**2 - h - 226. Give r(-36).
6
Let z(s) = 13*s**2 + 13*s - 22. Let r(b) = 2*b**2 + 2*b - 4. Let k(l) = -4*r(l) + z(l). Determine k(1).
4
Let h be -1*(4 + -1) + 8. Suppose 3*m = h*m - 4. Let a(j) = -3*j - m*j + 4*j - 2*j. Give a(2).
-6
Let p(l) = -2451*l - 19601. Let z be p(-8). Let j(f) = -44*f + 301. Give j(z).
-7
Let m(j) be the third derivative of j**4/4 + 41*j**3/6 - 7*j**2 + 5*j + 25. Give m(-6).
5
Let i = -274 + 267. Let t(l) = 4*l + 16. Let y(g) = -5*g - 18. Let x(s) = i*t(s) - 6*y(s). Determine x(5).
6
Let u(v) = v + 6. Suppose 15*a = 18*a - 162. Let z = a - 49. Suppose l + 37 = -l + z*k, -3*k = -4*l - 39. Calculate u(l).
0
Let i(n) = -3*n. Let o(r) = -20*r. Let k(h) = -4*i(h) - o(h). Let l(d) = 10*d. Let b(w) = 5*k(w) - 14*l(w). Calculate b(1).
20
Suppose 3*o - 182 = -101. Let l be ((-8)/(-14))/(-1 - o/(-21)). Let b(i) be the third derivative of -i**5/60 + 5*i**4/24 - i**3/2 - i**2. What is b(l)?
3
Let d be (-3)/12 + (-6)/8. Let z(n) = 2*n**3 + 11*n**2 - 12*n. Let k be z(1). Let h(w) = -k + 54*w - 19*w - 31*w. Calculate h(d).
-5
Let y(q) = q**2 - 77*q - 818. Let c be y(-9). Let i(v) = -v**3 - 45*v**2 - 42*v + 83. Give i(c).
-5
Let c(r) be the third derivative of -r**7/2520 - r**6/360 + r**5/15 + r**3/3 + r**2 + 4*r. Let k(p) be the third derivative of c(p). Determine k(-4).
6
Let f(t) be the third derivative of t**7/1680 + t**6/720 + 107*t**5/60 - 150*t**2. Let g(p) be the third derivative of f(p). Determine g(-5).
-14
Let g be 88/(-24) + (-364)/84. Let u(r) = -r**2 - 8*r + 17. Give u(g).
17
Let r(x) = 10*x**2 + 2*x + 2. Suppose -7 = 2*t + l, 3*t + 0*l + 5*l + 14 = 0. Give r(t).
86
Let i(n) = -n + 4. Let p(b) = 30*b - 93. Let o(y) = 21*i(y) + p(y). What is o(3)?
18
Let w(m) = -2*m + 1. Let u be w(-2). Suppose -u*l + 0*l + 5*n = -45, n + 24 = 4*l. Let r(b) = -18 + 41 + b - 25. What is r(l)?
3
Suppose -112 = -m + 81. Let k = m + -191. Let p(y) = -y**2 - 1. Calculate p(k).
-5
Let m(q) = -17*q**2 - 68*q + 10. Let l(c) = 14*c**2 + 58*c - 9. Let o(t) = 6*l(t) + 5*m(t). Let u = -55 - -95. Suppose -w = -6*w + u. Give o(w).
-4
Suppose 11 = -4*y - 5*w, -7*y - 3 = -6*y + w. Let a